{"id":849,"date":"2023-03-09T16:53:07","date_gmt":"2023-03-09T16:53:07","guid":{"rendered":"http:\/\/sindihoteis.com.br\/?page_id=849"},"modified":"2024-05-20T17:51:11","modified_gmt":"2024-05-20T17:51:11","slug":"shbrbsf-na-midia","status":"publish","type":"page","link":"http:\/\/sindihoteis.com.br\/?page_id=849","title":{"rendered":"SHBRBSF na m\u00eddia"},"content":{"rendered":"\n<!-- Facebook Like Button v1.9.6 BEGIN [http:\/\/blog.bottomlessinc.com] -->\n<iframe src=\"http:\/\/www.facebook.com\/plugins\/like.php?href=http%3A%2F%2Fsindihoteis.com.br%2F%3Fpage_id%3D849&amp;layout=standard&amp;show_faces=false&amp;width=450&amp;action=like&amp;colorscheme=light\" scrolling=\"no\" frameborder=\"0\" allowTransparency=\"true\" style=\"border:none; overflow:hidden; width:450px; height: 30px; align: left; margin: 2px 0px 2px 0px\"><\/iframe>\n<!-- Facebook Like Button END -->\n<p>Uma realiza\u00e7\u00e3o do Sindicato de Hot\u00e9is e Restaurantes da Baixada e Sul Fluminense<\/p>\n<p><img decoding=\"async\" src=\"blob:https:\/\/web.whatsapp.com\/1af166f4-27cd-43f9-b658-3cfe59d7b698\" alt=\"\" \/><a href=\"http:\/\/sindihoteis.com.br\/wp-content\/uploads\/2023\/03\/logo-shbrbsf.jpg\"><img decoding=\"async\" loading=\"lazy\" class=\"alignnone size-large wp-image-953\" src=\"http:\/\/sindihoteis.com.br\/wp-content\/uploads\/2023\/03\/logo-shbrbsf-1024x1024.jpg\" alt=\"logo shbrbsf\" width=\"800\" height=\"800\" srcset=\"http:\/\/sindihoteis.com.br\/wp-content\/uploads\/2023\/03\/logo-shbrbsf-1024x1024.jpg 1024w, http:\/\/sindihoteis.com.br\/wp-content\/uploads\/2023\/03\/logo-shbrbsf-150x150.jpg 150w, http:\/\/sindihoteis.com.br\/wp-content\/uploads\/2023\/03\/logo-shbrbsf-300x300.jpg 300w, http:\/\/sindihoteis.com.br\/wp-content\/uploads\/2023\/03\/logo-shbrbsf.jpg 1280w\" sizes=\"(max-width: 800px) 100vw, 800px\" \/><\/a><img decoding=\"async\" src=\"blob:https:\/\/web.whatsapp.com\/1af166f4-27cd-43f9-b658-3cfe59d7b698\" alt=\"\" \/><img decoding=\"async\" src=\"blob:https:\/\/web.whatsapp.com\/1af166f4-27cd-43f9-b658-3cfe59d7b698\" alt=\"\" \/><\/p>\n<p>Fonte :\u00a0https:\/\/<a href=\"https:\/\/www.hoteliernews.com.br\/baixada-fluminense-recebe-primeira-feira-de-turismo-e-negocios\/\">www.hoteliernews.com.br\/baixada-fluminense-recebe-primeira-feira-de-turismo-e-negocios\/<\/a><\/p>\n<p>Este trecho \u00e9 parte de conte\u00fado que pode ser compartilhado utilizando o link https:\/\/www.hoteliernews.com.br\/baixada-fluminense-recebe-primeira-feira-de-turismo-e-negocios\/ ou as ferramentas oferecidas na p\u00e1gina.Textos, fotos, artes e v\u00eddeos do HotelierNews est\u00e3o protegidos pela legisla\u00e7\u00e3o brasileira sobre direito autoral. N\u00e3o reproduza o conte\u00fado do site em qualquer meio de comunica\u00e7\u00e3o, eletr\u00f4nico ou impresso, sem autoriza\u00e7\u00e3o do HotelierNews (redacao@hoteliernews.com.br). Essas regras t\u00eam como objetivo proteger o investimento que o Hotelier News faz na qualidade de seu conte\u00fado. (aconteceu em 2013)<\/p>\n<p><a href=\"https:\/\/www.youtube.com\/watch?v=xUxvT3UCGuw\">Youtube &#8211; Fotos da Feira<\/a><\/p>\n<p><a href=\"http:\/\/sindihoteis.com.br\/wp-content\/uploads\/2023\/03\/1.jpg\"><img decoding=\"async\" loading=\"lazy\" class=\"alignnone size-full wp-image-850\" src=\"http:\/\/sindihoteis.com.br\/wp-content\/uploads\/2023\/03\/1.jpg\" alt=\"1\" width=\"749\" height=\"529\" srcset=\"http:\/\/sindihoteis.com.br\/wp-content\/uploads\/2023\/03\/1.jpg 749w, http:\/\/sindihoteis.com.br\/wp-content\/uploads\/2023\/03\/1-300x212.jpg 300w, http:\/\/sindihoteis.com.br\/wp-content\/uploads\/2023\/03\/1-212x150.jpg 212w, http:\/\/sindihoteis.com.br\/wp-content\/uploads\/2023\/03\/1-150x106.jpg 150w\" sizes=\"(max-width: 749px) 100vw, 749px\" \/><\/a><\/p>\n<p>&nbsp;<\/p>\n\n<!-- Facebook Like Button v1.9.6 BEGIN [http:\/\/blog.bottomlessinc.com] -->\n<iframe src=\"http:\/\/www.facebook.com\/plugins\/like.php?href=http%3A%2F%2Fsindihoteis.com.br%2F%3Fpage_id%3D849&amp;layout=standard&amp;show_faces=false&amp;width=450&amp;action=like&amp;colorscheme=light\" scrolling=\"no\" frameborder=\"0\" allowTransparency=\"true\" style=\"border:none; overflow:hidden; width:450px; height: 30px; align: left; margin: 2px 0px 2px 0px\"><\/iframe>\n<!-- Facebook Like Button END -->\n","protected":false},"excerpt":{"rendered":"<p>Uma realiza\u00e7\u00e3o do Sindicato de Hot\u00e9is e Restaurantes da Baixada e Sul Fluminense Fonte :\u00a0https:\/\/www.hoteliernews.com.br\/baixada-fluminense-recebe-primeira-feira-de-turismo-e-negocios\/ Este trecho \u00e9 parte de conte\u00fado que pode ser compartilhado utilizando o link https:\/\/www.hoteliernews.com.br\/baixada-fluminense-recebe-primeira-feira-de-turismo-e-negocios\/ ou as ferramentas oferecidas na p\u00e1gina.Textos, fotos, artes e v\u00eddeos do HotelierNews est\u00e3o protegidos pela legisla\u00e7\u00e3o brasileira sobre direito autoral. N\u00e3o &hellip; <a class=\"continue-reading-link\" href=\"http:\/\/sindihoteis.com.br\/?page_id=849\"> Continue reading <span class=\"meta-nav\">&rarr; <\/span><\/a><\/p>\n","protected":false},"author":1,"featured_media":0,"parent":0,"menu_order":0,"comment_status":"closed","ping_status":"closed","template":"","meta":[],"_links":{"self":[{"href":"http:\/\/sindihoteis.com.br\/index.php?rest_route=\/wp\/v2\/pages\/849"}],"collection":[{"href":"http:\/\/sindihoteis.com.br\/index.php?rest_route=\/wp\/v2\/pages"}],"about":[{"href":"http:\/\/sindihoteis.com.br\/index.php?rest_route=\/wp\/v2\/types\/page"}],"author":[{"embeddable":true,"href":"http:\/\/sindihoteis.com.br\/index.php?rest_route=\/wp\/v2\/users\/1"}],"replies":[{"embeddable":true,"href":"http:\/\/sindihoteis.com.br\/index.php?rest_route=%2Fwp%2Fv2%2Fcomments&post=849"}],"version-history":[{"count":3,"href":"http:\/\/sindihoteis.com.br\/index.php?rest_route=\/wp\/v2\/pages\/849\/revisions"}],"predecessor-version":[{"id":954,"href":"http:\/\/sindihoteis.com.br\/index.php?rest_route=\/wp\/v2\/pages\/849\/revisions\/954"}],"wp:attachment":[{"href":"http:\/\/sindihoteis.com.br\/index.php?rest_route=%2Fwp%2Fv2%2Fmedia&parent=849"}],"curies":[{"name":"wp","href":"https:\/\/api.w.org\/{rel}","templated":true}]}}