{"id":18,"date":"2015-01-15T16:40:27","date_gmt":"2015-01-15T16:40:27","guid":{"rendered":"http:\/\/sindihoteis.com.br\/?page_id=18"},"modified":"2023-03-09T14:50:03","modified_gmt":"2023-03-09T14:50:03","slug":"contato","status":"publish","type":"page","link":"http:\/\/sindihoteis.com.br\/?page_id=18","title":{"rendered":"Contato"},"content":{"rendered":"\n<!-- Facebook Like Button v1.9.6 BEGIN [http:\/\/blog.bottomlessinc.com] -->\n<iframe src=\"http:\/\/www.facebook.com\/plugins\/like.php?href=http%3A%2F%2Fsindihoteis.com.br%2F%3Fpage_id%3D18&amp;layout=standard&amp;show_faces=false&amp;width=450&amp;action=like&amp;colorscheme=light\" scrolling=\"no\" frameborder=\"0\" allowTransparency=\"true\" style=\"border:none; overflow:hidden; width:450px; height: 30px; align: left; margin: 2px 0px 2px 0px\"><\/iframe>\n<!-- Facebook Like Button END -->\n<p><a href=\"http:\/\/sindihoteis.com.br\/wp-content\/uploads\/2015\/01\/logo-sindi.jpg\"><img decoding=\"async\" loading=\"lazy\" class=\"alignnone size-full wp-image-23\" src=\"http:\/\/sindihoteis.com.br\/wp-content\/uploads\/2015\/01\/logo-sindi.jpg\" alt=\"logo sindi\" width=\"220\" height=\"229\" srcset=\"http:\/\/sindihoteis.com.br\/wp-content\/uploads\/2015\/01\/logo-sindi.jpg 220w, http:\/\/sindihoteis.com.br\/wp-content\/uploads\/2015\/01\/logo-sindi-144x150.jpg 144w\" sizes=\"(max-width: 220px) 100vw, 220px\" \/><\/a><\/p>\n<p>&nbsp;<\/p>\n<p>SINDICATO DE HOT\u00c9IS, RESTAURANTES, BARES E SIMILARES DA BAIXADA E SUL FLUMINENSE<\/p>\n<p>Rua Get\u00falio Vargas, 80 sala 201 Nova Igua\u00e7u.( Pr\u00f3ximo a Esta\u00e7\u00e3o de Trem)<\/p>\n<p>E-mail: sac@sindihoteis.com.br<\/p>\n<p><a href=\"http:\/\/sindihoteis.com.br\/wp-content\/uploads\/2015\/01\/formulario1.rtf\">formulario<\/a>\u00a0(click aqui para baixar o formul\u00e1rio. Ap\u00f3s preencher, por favor envie por fax ou entregue \u00e0 um de nossos representantes, para atualiza\u00e7\u00e3o de dados cadastrais).<\/p>\n<p><a href=\"http:\/\/sindihoteis.com.br\/wp-content\/uploads\/2015\/01\/formulario.png\"><img decoding=\"async\" loading=\"lazy\" class=\"alignnone size-full wp-image-728\" src=\"http:\/\/sindihoteis.com.br\/wp-content\/uploads\/2015\/01\/formulario.png\" alt=\"formulario\" width=\"453\" height=\"716\" srcset=\"http:\/\/sindihoteis.com.br\/wp-content\/uploads\/2015\/01\/formulario.png 453w, http:\/\/sindihoteis.com.br\/wp-content\/uploads\/2015\/01\/formulario-190x300.png 190w\" sizes=\"(max-width: 453px) 100vw, 453px\" \/><\/a><\/p>\n\n<!-- Facebook Like Button v1.9.6 BEGIN [http:\/\/blog.bottomlessinc.com] -->\n<iframe src=\"http:\/\/www.facebook.com\/plugins\/like.php?href=http%3A%2F%2Fsindihoteis.com.br%2F%3Fpage_id%3D18&amp;layout=standard&amp;show_faces=false&amp;width=450&amp;action=like&amp;colorscheme=light\" scrolling=\"no\" frameborder=\"0\" allowTransparency=\"true\" style=\"border:none; overflow:hidden; width:450px; height: 30px; align: left; margin: 2px 0px 2px 0px\"><\/iframe>\n<!-- Facebook Like Button END -->\n","protected":false},"excerpt":{"rendered":"<p>&nbsp; SINDICATO DE HOT\u00c9IS, RESTAURANTES, BARES E SIMILARES DA BAIXADA E SUL FLUMINENSE Rua Get\u00falio Vargas, 80 sala 201 Nova Igua\u00e7u.( Pr\u00f3ximo a Esta\u00e7\u00e3o de Trem) E-mail: sac@sindihoteis.com.br formulario\u00a0(click aqui para baixar o formul\u00e1rio. Ap\u00f3s preencher, por favor envie por fax ou entregue \u00e0 um de nossos representantes, para atualiza\u00e7\u00e3o &hellip; <a class=\"continue-reading-link\" href=\"http:\/\/sindihoteis.com.br\/?page_id=18\"> Continue reading <span class=\"meta-nav\">&rarr; <\/span><\/a><\/p>\n","protected":false},"author":1,"featured_media":0,"parent":0,"menu_order":0,"comment_status":"open","ping_status":"open","template":"","meta":[],"_links":{"self":[{"href":"http:\/\/sindihoteis.com.br\/index.php?rest_route=\/wp\/v2\/pages\/18"}],"collection":[{"href":"http:\/\/sindihoteis.com.br\/index.php?rest_route=\/wp\/v2\/pages"}],"about":[{"href":"http:\/\/sindihoteis.com.br\/index.php?rest_route=\/wp\/v2\/types\/page"}],"author":[{"embeddable":true,"href":"http:\/\/sindihoteis.com.br\/index.php?rest_route=\/wp\/v2\/users\/1"}],"replies":[{"embeddable":true,"href":"http:\/\/sindihoteis.com.br\/index.php?rest_route=%2Fwp%2Fv2%2Fcomments&post=18"}],"version-history":[{"count":6,"href":"http:\/\/sindihoteis.com.br\/index.php?rest_route=\/wp\/v2\/pages\/18\/revisions"}],"predecessor-version":[{"id":828,"href":"http:\/\/sindihoteis.com.br\/index.php?rest_route=\/wp\/v2\/pages\/18\/revisions\/828"}],"wp:attachment":[{"href":"http:\/\/sindihoteis.com.br\/index.php?rest_route=%2Fwp%2Fv2%2Fmedia&parent=18"}],"curies":[{"name":"wp","href":"https:\/\/api.w.org\/{rel}","templated":true}]}}